{"id":11183,"date":"2021-10-07T21:07:25","date_gmt":"2021-10-07T19:07:25","guid":{"rendered":"https:\/\/www.cortecarezzabella.com\/la-bottega-di-carezzabella\/"},"modified":"2025-04-08T11:38:10","modified_gmt":"2025-04-08T09:38:10","slug":"la-bottega-di-carezzabella","status":"publish","type":"page","link":"https:\/\/www.cortecarezzabella.com\/it\/la-bottega-di-carezzabella\/","title":{"rendered":"La Bottega di Carezzabella"},"content":{"rendered":"\n<figure class=\"wp-block-image size-large\"><img loading=\"lazy\" decoding=\"async\" width=\"1024\" height=\"683\" src=\"https:\/\/www.cortecarezzabella.com\/wp-content\/uploads\/2025\/04\/tutti-i-prodotti-1-1024x683.jpg\" alt=\"\" class=\"wp-image-14887\" srcset=\"https:\/\/www.cortecarezzabella.com\/wp-content\/uploads\/2025\/04\/tutti-i-prodotti-1-1024x683.jpg 1024w, https:\/\/www.cortecarezzabella.com\/wp-content\/uploads\/2025\/04\/tutti-i-prodotti-1-700x467.jpg 700w, https:\/\/www.cortecarezzabella.com\/wp-content\/uploads\/2025\/04\/tutti-i-prodotti-1-768x512.jpg 768w, https:\/\/www.cortecarezzabella.com\/wp-content\/uploads\/2025\/04\/tutti-i-prodotti-1-1536x1024.jpg 1536w, https:\/\/www.cortecarezzabella.com\/wp-content\/uploads\/2025\/04\/tutti-i-prodotti-1-2048x1365.jpg 2048w, https:\/\/www.cortecarezzabella.com\/wp-content\/uploads\/2025\/04\/tutti-i-prodotti-1-500x333.jpg 500w, https:\/\/www.cortecarezzabella.com\/wp-content\/uploads\/2025\/04\/tutti-i-prodotti-1-90x60.jpg 90w, https:\/\/www.cortecarezzabella.com\/wp-content\/uploads\/2025\/04\/tutti-i-prodotti-1-135x90.jpg 135w\" sizes=\"auto, (max-width: 1024px) 100vw, 1024px\" \/><\/figure>\n","protected":false},"excerpt":{"rendered":"<p>orari apertura :<br \/>\nla Bottega sar\u00e0 aperta<br \/>\nmercoled\u00ec dalle 9.00 alle 12.00<br \/>\nvenerd\u00ec dalle 9.00 alle 13.00 e dalle 15.00 alle 19.00 e sabato dalle 9.00 alle 13.00<\/p>\n","protected":false},"author":2,"featured_media":0,"parent":0,"menu_order":0,"comment_status":"closed","ping_status":"closed","template":"","meta":{"_acf_changed":false,"ngg_post_thumbnail":0,"footnotes":""},"class_list":["post-11183","page","type-page","status-publish","hentry"],"acf":[],"yoast_head":"<!-- This site is optimized with the Yoast SEO plugin v27.4 - https:\/\/yoast.com\/product\/yoast-seo-wordpress\/ -->\n<title>La Bottega di Carezzabella<\/title>\n<meta name=\"robots\" content=\"index, follow, max-snippet:-1, max-image-preview:large, max-video-preview:-1\" \/>\n<link rel=\"canonical\" href=\"https:\/\/www.cortecarezzabella.com\/it\/la-bottega-di-carezzabella\/\" \/>\n<meta property=\"og:locale\" content=\"it_IT\" \/>\n<meta property=\"og:type\" content=\"article\" \/>\n<meta property=\"og:title\" content=\"La Bottega di Carezzabella\" \/>\n<meta property=\"og:description\" content=\"orari apertura : la Bottega sar\u00e0 aperta mercoled\u00ec dalle 9.00 alle 12.00 venerd\u00ec dalle 9.00 alle 13.00 e dalle 15.00 alle 19.00 e sabato dalle 9.00 alle 13.00\" \/>\n<meta property=\"og:url\" content=\"https:\/\/www.cortecarezzabella.com\/it\/la-bottega-di-carezzabella\/\" \/>\n<meta property=\"og:site_name\" content=\"Corte Carezzabella\" \/>\n<meta property=\"article:modified_time\" content=\"2025-04-08T09:38:10+00:00\" \/>\n<meta property=\"og:image\" content=\"https:\/\/www.cortecarezzabella.com\/wp-content\/uploads\/2025\/04\/tutti-i-prodotti-1-scaled.jpg\" \/>\n\t<meta property=\"og:image:width\" content=\"2560\" \/>\n\t<meta property=\"og:image:height\" content=\"1707\" \/>\n\t<meta property=\"og:image:type\" content=\"image\/jpeg\" \/>\n<meta name=\"twitter:card\" content=\"summary_large_image\" \/>\n<meta name=\"twitter:label1\" content=\"Tempo di lettura stimato\" \/>\n\t<meta name=\"twitter:data1\" content=\"1 minuto\" \/>\n<script type=\"application\/ld+json\" class=\"yoast-schema-graph\">{\"@context\":\"https:\\\/\\\/schema.org\",\"@graph\":[{\"@type\":\"WebPage\",\"@id\":\"https:\\\/\\\/www.cortecarezzabella.com\\\/it\\\/la-bottega-di-carezzabella\\\/\",\"url\":\"https:\\\/\\\/www.cortecarezzabella.com\\\/it\\\/la-bottega-di-carezzabella\\\/\",\"name\":\"La Bottega di Carezzabella\",\"isPartOf\":{\"@id\":\"https:\\\/\\\/www.cortecarezzabella.com\\\/it\\\/#website\"},\"primaryImageOfPage\":{\"@id\":\"https:\\\/\\\/www.cortecarezzabella.com\\\/it\\\/la-bottega-di-carezzabella\\\/#primaryimage\"},\"image\":{\"@id\":\"https:\\\/\\\/www.cortecarezzabella.com\\\/it\\\/la-bottega-di-carezzabella\\\/#primaryimage\"},\"thumbnailUrl\":\"https:\\\/\\\/www.cortecarezzabella.com\\\/wp-content\\\/uploads\\\/2025\\\/04\\\/tutti-i-prodotti-1-1024x683.jpg\",\"datePublished\":\"2021-10-07T19:07:25+00:00\",\"dateModified\":\"2025-04-08T09:38:10+00:00\",\"breadcrumb\":{\"@id\":\"https:\\\/\\\/www.cortecarezzabella.com\\\/it\\\/la-bottega-di-carezzabella\\\/#breadcrumb\"},\"inLanguage\":\"it-IT\",\"potentialAction\":[{\"@type\":\"ReadAction\",\"target\":[\"https:\\\/\\\/www.cortecarezzabella.com\\\/it\\\/la-bottega-di-carezzabella\\\/\"]}]},{\"@type\":\"ImageObject\",\"inLanguage\":\"it-IT\",\"@id\":\"https:\\\/\\\/www.cortecarezzabella.com\\\/it\\\/la-bottega-di-carezzabella\\\/#primaryimage\",\"url\":\"https:\\\/\\\/www.cortecarezzabella.com\\\/wp-content\\\/uploads\\\/2025\\\/04\\\/tutti-i-prodotti-1-1024x683.jpg\",\"contentUrl\":\"https:\\\/\\\/www.cortecarezzabella.com\\\/wp-content\\\/uploads\\\/2025\\\/04\\\/tutti-i-prodotti-1-1024x683.jpg\"},{\"@type\":\"BreadcrumbList\",\"@id\":\"https:\\\/\\\/www.cortecarezzabella.com\\\/it\\\/la-bottega-di-carezzabella\\\/#breadcrumb\",\"itemListElement\":[{\"@type\":\"ListItem\",\"position\":1,\"name\":\"Home\",\"item\":\"https:\\\/\\\/www.cortecarezzabella.com\\\/it\\\/\"},{\"@type\":\"ListItem\",\"position\":2,\"name\":\"La Bottega di Carezzabella\"}]},{\"@type\":\"WebSite\",\"@id\":\"https:\\\/\\\/www.cortecarezzabella.com\\\/it\\\/#website\",\"url\":\"https:\\\/\\\/www.cortecarezzabella.com\\\/it\\\/\",\"name\":\"Corte Carezzabella\",\"description\":\"Agriturismo Corte Carezzabella\",\"publisher\":{\"@id\":\"https:\\\/\\\/www.cortecarezzabella.com\\\/it\\\/#organization\"},\"potentialAction\":[{\"@type\":\"SearchAction\",\"target\":{\"@type\":\"EntryPoint\",\"urlTemplate\":\"https:\\\/\\\/www.cortecarezzabella.com\\\/it\\\/?s={search_term_string}\"},\"query-input\":{\"@type\":\"PropertyValueSpecification\",\"valueRequired\":true,\"valueName\":\"search_term_string\"}}],\"inLanguage\":\"it-IT\"},{\"@type\":\"Organization\",\"@id\":\"https:\\\/\\\/www.cortecarezzabella.com\\\/it\\\/#organization\",\"name\":\"IL FRUTTETO DI SAN MARTINO S.S.\",\"url\":\"https:\\\/\\\/www.cortecarezzabella.com\\\/it\\\/\",\"logo\":{\"@type\":\"ImageObject\",\"inLanguage\":\"it-IT\",\"@id\":\"https:\\\/\\\/www.cortecarezzabella.com\\\/it\\\/#\\\/schema\\\/logo\\\/image\\\/\",\"url\":\"https:\\\/\\\/www.cortecarezzabella.com\\\/wp-content\\\/uploads\\\/2020\\\/03\\\/LOGO_laBottega-posta-elttr-piccola.jpg\",\"contentUrl\":\"https:\\\/\\\/www.cortecarezzabella.com\\\/wp-content\\\/uploads\\\/2020\\\/03\\\/LOGO_laBottega-posta-elttr-piccola.jpg\",\"width\":160,\"height\":115,\"caption\":\"IL FRUTTETO DI SAN MARTINO S.S.\"},\"image\":{\"@id\":\"https:\\\/\\\/www.cortecarezzabella.com\\\/it\\\/#\\\/schema\\\/logo\\\/image\\\/\"}}]}<\/script>\n<!-- \/ Yoast SEO plugin. -->","yoast_head_json":{"title":"La Bottega di Carezzabella","robots":{"index":"index","follow":"follow","max-snippet":"max-snippet:-1","max-image-preview":"max-image-preview:large","max-video-preview":"max-video-preview:-1"},"canonical":"https:\/\/www.cortecarezzabella.com\/it\/la-bottega-di-carezzabella\/","og_locale":"it_IT","og_type":"article","og_title":"La Bottega di Carezzabella","og_description":"orari apertura : la Bottega sar\u00e0 aperta mercoled\u00ec dalle 9.00 alle 12.00 venerd\u00ec dalle 9.00 alle 13.00 e dalle 15.00 alle 19.00 e sabato dalle 9.00 alle 13.00","og_url":"https:\/\/www.cortecarezzabella.com\/it\/la-bottega-di-carezzabella\/","og_site_name":"Corte Carezzabella","article_modified_time":"2025-04-08T09:38:10+00:00","og_image":[{"width":2560,"height":1707,"url":"https:\/\/www.cortecarezzabella.com\/wp-content\/uploads\/2025\/04\/tutti-i-prodotti-1-scaled.jpg","type":"image\/jpeg"}],"twitter_card":"summary_large_image","twitter_misc":{"Tempo di lettura stimato":"1 minuto"},"schema":{"@context":"https:\/\/schema.org","@graph":[{"@type":"WebPage","@id":"https:\/\/www.cortecarezzabella.com\/it\/la-bottega-di-carezzabella\/","url":"https:\/\/www.cortecarezzabella.com\/it\/la-bottega-di-carezzabella\/","name":"La Bottega di Carezzabella","isPartOf":{"@id":"https:\/\/www.cortecarezzabella.com\/it\/#website"},"primaryImageOfPage":{"@id":"https:\/\/www.cortecarezzabella.com\/it\/la-bottega-di-carezzabella\/#primaryimage"},"image":{"@id":"https:\/\/www.cortecarezzabella.com\/it\/la-bottega-di-carezzabella\/#primaryimage"},"thumbnailUrl":"https:\/\/www.cortecarezzabella.com\/wp-content\/uploads\/2025\/04\/tutti-i-prodotti-1-1024x683.jpg","datePublished":"2021-10-07T19:07:25+00:00","dateModified":"2025-04-08T09:38:10+00:00","breadcrumb":{"@id":"https:\/\/www.cortecarezzabella.com\/it\/la-bottega-di-carezzabella\/#breadcrumb"},"inLanguage":"it-IT","potentialAction":[{"@type":"ReadAction","target":["https:\/\/www.cortecarezzabella.com\/it\/la-bottega-di-carezzabella\/"]}]},{"@type":"ImageObject","inLanguage":"it-IT","@id":"https:\/\/www.cortecarezzabella.com\/it\/la-bottega-di-carezzabella\/#primaryimage","url":"https:\/\/www.cortecarezzabella.com\/wp-content\/uploads\/2025\/04\/tutti-i-prodotti-1-1024x683.jpg","contentUrl":"https:\/\/www.cortecarezzabella.com\/wp-content\/uploads\/2025\/04\/tutti-i-prodotti-1-1024x683.jpg"},{"@type":"BreadcrumbList","@id":"https:\/\/www.cortecarezzabella.com\/it\/la-bottega-di-carezzabella\/#breadcrumb","itemListElement":[{"@type":"ListItem","position":1,"name":"Home","item":"https:\/\/www.cortecarezzabella.com\/it\/"},{"@type":"ListItem","position":2,"name":"La Bottega di Carezzabella"}]},{"@type":"WebSite","@id":"https:\/\/www.cortecarezzabella.com\/it\/#website","url":"https:\/\/www.cortecarezzabella.com\/it\/","name":"Corte Carezzabella","description":"Agriturismo Corte Carezzabella","publisher":{"@id":"https:\/\/www.cortecarezzabella.com\/it\/#organization"},"potentialAction":[{"@type":"SearchAction","target":{"@type":"EntryPoint","urlTemplate":"https:\/\/www.cortecarezzabella.com\/it\/?s={search_term_string}"},"query-input":{"@type":"PropertyValueSpecification","valueRequired":true,"valueName":"search_term_string"}}],"inLanguage":"it-IT"},{"@type":"Organization","@id":"https:\/\/www.cortecarezzabella.com\/it\/#organization","name":"IL FRUTTETO DI SAN MARTINO S.S.","url":"https:\/\/www.cortecarezzabella.com\/it\/","logo":{"@type":"ImageObject","inLanguage":"it-IT","@id":"https:\/\/www.cortecarezzabella.com\/it\/#\/schema\/logo\/image\/","url":"https:\/\/www.cortecarezzabella.com\/wp-content\/uploads\/2020\/03\/LOGO_laBottega-posta-elttr-piccola.jpg","contentUrl":"https:\/\/www.cortecarezzabella.com\/wp-content\/uploads\/2020\/03\/LOGO_laBottega-posta-elttr-piccola.jpg","width":160,"height":115,"caption":"IL FRUTTETO DI SAN MARTINO S.S."},"image":{"@id":"https:\/\/www.cortecarezzabella.com\/it\/#\/schema\/logo\/image\/"}}]}},"_links":{"self":[{"href":"https:\/\/www.cortecarezzabella.com\/it\/wp-json\/wp\/v2\/pages\/11183","targetHints":{"allow":["GET"]}}],"collection":[{"href":"https:\/\/www.cortecarezzabella.com\/it\/wp-json\/wp\/v2\/pages"}],"about":[{"href":"https:\/\/www.cortecarezzabella.com\/it\/wp-json\/wp\/v2\/types\/page"}],"author":[{"embeddable":true,"href":"https:\/\/www.cortecarezzabella.com\/it\/wp-json\/wp\/v2\/users\/2"}],"replies":[{"embeddable":true,"href":"https:\/\/www.cortecarezzabella.com\/it\/wp-json\/wp\/v2\/comments?post=11183"}],"version-history":[{"count":5,"href":"https:\/\/www.cortecarezzabella.com\/it\/wp-json\/wp\/v2\/pages\/11183\/revisions"}],"predecessor-version":[{"id":14892,"href":"https:\/\/www.cortecarezzabella.com\/it\/wp-json\/wp\/v2\/pages\/11183\/revisions\/14892"}],"wp:attachment":[{"href":"https:\/\/www.cortecarezzabella.com\/it\/wp-json\/wp\/v2\/media?parent=11183"}],"curies":[{"name":"wp","href":"https:\/\/api.w.org\/{rel}","templated":true}]}}

<p>orari apertura :<br />
la Bottega sarà aperta<br />
mercoledì dalle 9.00 alle 12.00<br />
venerdì dalle 9.00 alle 13.00 e dalle 15.00 alle 19.00 e sabato dalle 9.00 alle 13.00</p>

<!-- This site is optimized with the Yoast SEO plugin v27.4 - https://yoast.com/product/yoast-seo-wordpress/ -->
<title>La Bottega di Carezzabella</title>
<meta name="robots" content="index, follow, max-snippet:-1, max-image-preview:large, max-video-preview:-1" />
<link rel="canonical" href="https://www.cortecarezzabella.com/it/la-bottega-di-carezzabella/" />
<meta property="og:locale" content="it_IT" />
<meta property="og:type" content="article" />
<meta property="og:title" content="La Bottega di Carezzabella" />
<meta property="og:description" content="orari apertura : la Bottega sarà aperta mercoledì dalle 9.00 alle 12.00 venerdì dalle 9.00 alle 13.00 e dalle 15.00 alle 19.00 e sabato dalle 9.00 alle 13.00" />
<meta property="og:url" content="https://www.cortecarezzabella.com/it/la-bottega-di-carezzabella/" />
<meta property="og:site_name" content="Corte Carezzabella" />
<meta property="article:modified_time" content="2025-04-08T09:38:10+00:00" />
<meta property="og:image" content="https://www.cortecarezzabella.com/wp-content/uploads/2025/04/tutti-i-prodotti-1-scaled.jpg" />
	<meta property="og:image:width" content="2560" />
	<meta property="og:image:height" content="1707" />
	<meta property="og:image:type" content="image/jpeg" />
<meta name="twitter:card" content="summary_large_image" />
<meta name="twitter:label1" content="Tempo di lettura stimato" />
	<meta name="twitter:data1" content="1 minuto" />
<script type="application/ld+json" class="yoast-schema-graph">{"@context":"https:\/\/schema.org","@graph":[{"@type":"WebPage","@id":"https:\/\/www.cortecarezzabella.com\/it\/la-bottega-di-carezzabella\/","url":"https:\/\/www.cortecarezzabella.com\/it\/la-bottega-di-carezzabella\/","name":"La Bottega di Carezzabella","isPartOf":{"@id":"https:\/\/www.cortecarezzabella.com\/it\/#website"},"primaryImageOfPage":{"@id":"https:\/\/www.cortecarezzabella.com\/it\/la-bottega-di-carezzabella\/#primaryimage"},"image":{"@id":"https:\/\/www.cortecarezzabella.com\/it\/la-bottega-di-carezzabella\/#primaryimage"},"thumbnailUrl":"https:\/\/www.cortecarezzabella.com\/wp-content\/uploads\/2025\/04\/tutti-i-prodotti-1-1024x683.jpg","datePublished":"2021-10-07T19:07:25+00:00","dateModified":"2025-04-08T09:38:10+00:00","breadcrumb":{"@id":"https:\/\/www.cortecarezzabella.com\/it\/la-bottega-di-carezzabella\/#breadcrumb"},"inLanguage":"it-IT","potentialAction":[{"@type":"ReadAction","target":["https:\/\/www.cortecarezzabella.com\/it\/la-bottega-di-carezzabella\/"]}]},{"@type":"ImageObject","inLanguage":"it-IT","@id":"https:\/\/www.cortecarezzabella.com\/it\/la-bottega-di-carezzabella\/#primaryimage","url":"https:\/\/www.cortecarezzabella.com\/wp-content\/uploads\/2025\/04\/tutti-i-prodotti-1-1024x683.jpg","contentUrl":"https:\/\/www.cortecarezzabella.com\/wp-content\/uploads\/2025\/04\/tutti-i-prodotti-1-1024x683.jpg"},{"@type":"BreadcrumbList","@id":"https:\/\/www.cortecarezzabella.com\/it\/la-bottega-di-carezzabella\/#breadcrumb","itemListElement":[{"@type":"ListItem","position":1,"name":"Home","item":"https:\/\/www.cortecarezzabella.com\/it\/"},{"@type":"ListItem","position":2,"name":"La Bottega di Carezzabella"}]},{"@type":"WebSite","@id":"https:\/\/www.cortecarezzabella.com\/it\/#website","url":"https:\/\/www.cortecarezzabella.com\/it\/","name":"Corte Carezzabella","description":"Agriturismo Corte Carezzabella","publisher":{"@id":"https:\/\/www.cortecarezzabella.com\/it\/#organization"},"potentialAction":[{"@type":"SearchAction","target":{"@type":"EntryPoint","urlTemplate":"https:\/\/www.cortecarezzabella.com\/it\/?s={search_term_string}"},"query-input":{"@type":"PropertyValueSpecification","valueRequired":true,"valueName":"search_term_string"}}],"inLanguage":"it-IT"},{"@type":"Organization","@id":"https:\/\/www.cortecarezzabella.com\/it\/#organization","name":"IL FRUTTETO DI SAN MARTINO S.S.","url":"https:\/\/www.cortecarezzabella.com\/it\/","logo":{"@type":"ImageObject","inLanguage":"it-IT","@id":"https:\/\/www.cortecarezzabella.com\/it\/#\/schema\/logo\/image\/","url":"https:\/\/www.cortecarezzabella.com\/wp-content\/uploads\/2020\/03\/LOGO_laBottega-posta-elttr-piccola.jpg","contentUrl":"https:\/\/www.cortecarezzabella.com\/wp-content\/uploads\/2020\/03\/LOGO_laBottega-posta-elttr-piccola.jpg","width":160,"height":115,"caption":"IL FRUTTETO DI SAN MARTINO S.S."},"image":{"@id":"https:\/\/www.cortecarezzabella.com\/it\/#\/schema\/logo\/image\/"}}]}</script>
<!-- / Yoast SEO plugin. -->

orari apertura : la Bottega sarà aperta mercoledì dalle 9.00 alle 12.00 venerdì dalle 9.00 alle 13.00 e dalle 15.00 alle 19.00 e sabato dalle 9.00 alle 13.00
