{"id":534,"date":"2017-05-19T11:53:04","date_gmt":"2017-05-19T09:53:04","guid":{"rendered":"https:\/\/www.cortecarezzabella.com\/?page_id=534\/"},"modified":"2018-01-09T14:29:54","modified_gmt":"2018-01-09T13:29:54","slug":"la-cuisine","status":"publish","type":"page","link":"https:\/\/www.cortecarezzabella.com\/fr\/la-cuisine\/","title":{"rendered":"La cuisine"},"content":{"rendered":"<h1>&#8211; La cuisine &#8211;<\/h1>\n<p id=\"tw-target-text\" class=\"tw-data-text tw-ta tw-text-small\" dir=\"ltr\" data-placeholder=\"Traduzione\"><span style=\"font-size: 20px;\"><strong><span lang=\"fr\" style=\"font-family: comic sans ms,sans-serif;\">Nous sommes des agriculteurs, pas des chefs! <\/span><\/strong><\/span><\/p>\n<p class=\"tw-data-text tw-ta tw-text-small\" dir=\"ltr\" data-placeholder=\"Traduzione\"><span lang=\"fr\"><span style=\"font-family: comic sans ms,sans-serif; font-size: 20px;\">Nous aimons cuisiner nos <strong>produits biologiques frais<\/strong> et pr\u00e9parer des recettes et des plats traditionnels de la r\u00e9gion pour nos hotes. <\/span><\/span><\/p>\n<p class=\"tw-data-text tw-ta tw-text-small\" dir=\"ltr\" data-placeholder=\"Traduzione\"><span lang=\"fr\"><span style=\"font-family: comic sans ms,sans-serif; font-size: 20px;\">Au <strong>petit-d\u00e9jeuner<\/strong>, vous trouverez un riche buffet avec notre pain, nos tartes, nos confitures, fruits, jus de fruits et \u00e9galement de la charcuterie, du fromage, du yaourt et d&#8217;autres plats frais. N&#8217;h\u00e9sitez pas \u00e0 demander tous autres produits que vous pourriez aimer, comme les \u0153ufs. <\/span><\/span><\/p>\n<p class=\"tw-data-text tw-ta tw-text-small\" dir=\"ltr\" data-placeholder=\"Traduzione\"><span lang=\"fr\"><span style=\"font-family: comic sans ms,sans-serif; font-size: 20px;\"><strong>Le d\u00eener<\/strong>, ne vous attendez pas \u00e0 un menu \u00ab\u00e0 la carte\u00bb que&nbsp;chaque restaurant peut offrir. Chez nous \u00e0 Corte Carezzabella, vous d\u00e9gusterez les l\u00e9gumes frais et les produits que nous recueillons tous les matins dans notre jardin et la viande, les fromages et autres ingr\u00e9dients de base de haute qualit\u00e9 provenant des meilleures fermes locales. Profitez d&#8217;un repas traditionnel et de bon go\u00fbt avec une bouteille du notre&nbsp;vin bio.<\/span><\/span><\/p>\n<p dir=\"ltr\" data-placeholder=\"Traduzione\">&nbsp;<\/p>\nngg_shortcode_0_placeholder\n","protected":false},"excerpt":{"rendered":"<p>&#8211; La cuisine &#8211; Nous sommes des agriculteurs, pas des chefs! Nous aimons cuisiner nos produits biologiques frais et pr\u00e9parer des recettes et des plats traditionnels de la r\u00e9gion pour nos hotes. Au petit-d\u00e9jeuner, vous trouverez un riche buffet avec notre pain, nos tartes, nos confitures, fruits, jus de fruits et \u00e9galement de la charcuterie, [&hellip;]<\/p>\n","protected":false},"author":1,"featured_media":0,"parent":0,"menu_order":0,"comment_status":"closed","ping_status":"closed","template":"","meta":{"_acf_changed":false,"ngg_post_thumbnail":0,"footnotes":""},"class_list":["post-534","page","type-page","status-publish","hentry"],"acf":[],"yoast_head":"<!-- This site is optimized with the Yoast SEO plugin v27.5 - https:\/\/yoast.com\/product\/yoast-seo-wordpress\/ -->\n<title>La cuisine<\/title>\n<meta name=\"robots\" content=\"index, follow, max-snippet:-1, max-image-preview:large, max-video-preview:-1\" \/>\n<link rel=\"canonical\" href=\"https:\/\/www.cortecarezzabella.com\/fr\/la-cuisine\/\" \/>\n<meta property=\"og:locale\" content=\"fr_FR\" \/>\n<meta property=\"og:type\" content=\"article\" \/>\n<meta property=\"og:title\" content=\"La cuisine\" \/>\n<meta property=\"og:description\" content=\"&#8211; La cuisine &#8211; Nous sommes des agriculteurs, pas des chefs! Nous aimons cuisiner nos produits biologiques frais et pr\u00e9parer des recettes et des plats traditionnels de la r\u00e9gion pour nos hotes. Au petit-d\u00e9jeuner, vous trouverez un riche buffet avec notre pain, nos tartes, nos confitures, fruits, jus de fruits et \u00e9galement de la charcuterie, [&hellip;]\" \/>\n<meta property=\"og:url\" content=\"https:\/\/www.cortecarezzabella.com\/fr\/la-cuisine\/\" \/>\n<meta property=\"og:site_name\" content=\"Corte Carezzabella\" \/>\n<meta property=\"article:modified_time\" content=\"2018-01-09T13:29:54+00:00\" \/>\n<meta name=\"twitter:card\" content=\"summary_large_image\" \/>\n<meta name=\"twitter:label1\" content=\"Est. reading time\" \/>\n\t<meta name=\"twitter:data1\" content=\"1 minute\" \/>\n<script type=\"application\/ld+json\" class=\"yoast-schema-graph\">{\"@context\":\"https:\\\/\\\/schema.org\",\"@graph\":[{\"@type\":\"WebPage\",\"@id\":\"https:\\\/\\\/www.cortecarezzabella.com\\\/fr\\\/la-cuisine\\\/\",\"url\":\"https:\\\/\\\/www.cortecarezzabella.com\\\/fr\\\/la-cuisine\\\/\",\"name\":\"La cuisine\",\"isPartOf\":{\"@id\":\"https:\\\/\\\/www.cortecarezzabella.com\\\/fr\\\/#website\"},\"datePublished\":\"2017-05-19T09:53:04+00:00\",\"dateModified\":\"2018-01-09T13:29:54+00:00\",\"breadcrumb\":{\"@id\":\"https:\\\/\\\/www.cortecarezzabella.com\\\/fr\\\/la-cuisine\\\/#breadcrumb\"},\"inLanguage\":\"fr-FR\",\"potentialAction\":[{\"@type\":\"ReadAction\",\"target\":[\"https:\\\/\\\/www.cortecarezzabella.com\\\/fr\\\/la-cuisine\\\/\"]}]},{\"@type\":\"BreadcrumbList\",\"@id\":\"https:\\\/\\\/www.cortecarezzabella.com\\\/fr\\\/la-cuisine\\\/#breadcrumb\",\"itemListElement\":[{\"@type\":\"ListItem\",\"position\":1,\"name\":\"Home\",\"item\":\"https:\\\/\\\/www.cortecarezzabella.com\\\/fr\\\/\"},{\"@type\":\"ListItem\",\"position\":2,\"name\":\"La cuisine\"}]},{\"@type\":\"WebSite\",\"@id\":\"https:\\\/\\\/www.cortecarezzabella.com\\\/fr\\\/#website\",\"url\":\"https:\\\/\\\/www.cortecarezzabella.com\\\/fr\\\/\",\"name\":\"Corte Carezzabella\",\"description\":\"Agriturismo Corte Carezzabella\",\"publisher\":{\"@id\":\"https:\\\/\\\/www.cortecarezzabella.com\\\/fr\\\/#organization\"},\"potentialAction\":[{\"@type\":\"SearchAction\",\"target\":{\"@type\":\"EntryPoint\",\"urlTemplate\":\"https:\\\/\\\/www.cortecarezzabella.com\\\/fr\\\/?s={search_term_string}\"},\"query-input\":{\"@type\":\"PropertyValueSpecification\",\"valueRequired\":true,\"valueName\":\"search_term_string\"}}],\"inLanguage\":\"fr-FR\"},{\"@type\":\"Organization\",\"@id\":\"https:\\\/\\\/www.cortecarezzabella.com\\\/fr\\\/#organization\",\"name\":\"IL FRUTTETO DI SAN MARTINO S.S.\",\"url\":\"https:\\\/\\\/www.cortecarezzabella.com\\\/fr\\\/\",\"logo\":{\"@type\":\"ImageObject\",\"inLanguage\":\"fr-FR\",\"@id\":\"https:\\\/\\\/www.cortecarezzabella.com\\\/fr\\\/#\\\/schema\\\/logo\\\/image\\\/\",\"url\":\"https:\\\/\\\/www.cortecarezzabella.com\\\/wp-content\\\/uploads\\\/2020\\\/03\\\/LOGO_laBottega-posta-elttr-piccola.jpg\",\"contentUrl\":\"https:\\\/\\\/www.cortecarezzabella.com\\\/wp-content\\\/uploads\\\/2020\\\/03\\\/LOGO_laBottega-posta-elttr-piccola.jpg\",\"width\":160,\"height\":115,\"caption\":\"IL FRUTTETO DI SAN MARTINO S.S.\"},\"image\":{\"@id\":\"https:\\\/\\\/www.cortecarezzabella.com\\\/fr\\\/#\\\/schema\\\/logo\\\/image\\\/\"}}]}<\/script>\n<!-- \/ Yoast SEO plugin. -->","yoast_head_json":{"title":"La cuisine","robots":{"index":"index","follow":"follow","max-snippet":"max-snippet:-1","max-image-preview":"max-image-preview:large","max-video-preview":"max-video-preview:-1"},"canonical":"https:\/\/www.cortecarezzabella.com\/fr\/la-cuisine\/","og_locale":"fr_FR","og_type":"article","og_title":"La cuisine","og_description":"&#8211; La cuisine &#8211; Nous sommes des agriculteurs, pas des chefs! Nous aimons cuisiner nos produits biologiques frais et pr\u00e9parer des recettes et des plats traditionnels de la r\u00e9gion pour nos hotes. Au petit-d\u00e9jeuner, vous trouverez un riche buffet avec notre pain, nos tartes, nos confitures, fruits, jus de fruits et \u00e9galement de la charcuterie, [&hellip;]","og_url":"https:\/\/www.cortecarezzabella.com\/fr\/la-cuisine\/","og_site_name":"Corte Carezzabella","article_modified_time":"2018-01-09T13:29:54+00:00","twitter_card":"summary_large_image","twitter_misc":{"Est. reading time":"1 minute"},"schema":{"@context":"https:\/\/schema.org","@graph":[{"@type":"WebPage","@id":"https:\/\/www.cortecarezzabella.com\/fr\/la-cuisine\/","url":"https:\/\/www.cortecarezzabella.com\/fr\/la-cuisine\/","name":"La cuisine","isPartOf":{"@id":"https:\/\/www.cortecarezzabella.com\/fr\/#website"},"datePublished":"2017-05-19T09:53:04+00:00","dateModified":"2018-01-09T13:29:54+00:00","breadcrumb":{"@id":"https:\/\/www.cortecarezzabella.com\/fr\/la-cuisine\/#breadcrumb"},"inLanguage":"fr-FR","potentialAction":[{"@type":"ReadAction","target":["https:\/\/www.cortecarezzabella.com\/fr\/la-cuisine\/"]}]},{"@type":"BreadcrumbList","@id":"https:\/\/www.cortecarezzabella.com\/fr\/la-cuisine\/#breadcrumb","itemListElement":[{"@type":"ListItem","position":1,"name":"Home","item":"https:\/\/www.cortecarezzabella.com\/fr\/"},{"@type":"ListItem","position":2,"name":"La cuisine"}]},{"@type":"WebSite","@id":"https:\/\/www.cortecarezzabella.com\/fr\/#website","url":"https:\/\/www.cortecarezzabella.com\/fr\/","name":"Corte Carezzabella","description":"Agriturismo Corte Carezzabella","publisher":{"@id":"https:\/\/www.cortecarezzabella.com\/fr\/#organization"},"potentialAction":[{"@type":"SearchAction","target":{"@type":"EntryPoint","urlTemplate":"https:\/\/www.cortecarezzabella.com\/fr\/?s={search_term_string}"},"query-input":{"@type":"PropertyValueSpecification","valueRequired":true,"valueName":"search_term_string"}}],"inLanguage":"fr-FR"},{"@type":"Organization","@id":"https:\/\/www.cortecarezzabella.com\/fr\/#organization","name":"IL FRUTTETO DI SAN MARTINO S.S.","url":"https:\/\/www.cortecarezzabella.com\/fr\/","logo":{"@type":"ImageObject","inLanguage":"fr-FR","@id":"https:\/\/www.cortecarezzabella.com\/fr\/#\/schema\/logo\/image\/","url":"https:\/\/www.cortecarezzabella.com\/wp-content\/uploads\/2020\/03\/LOGO_laBottega-posta-elttr-piccola.jpg","contentUrl":"https:\/\/www.cortecarezzabella.com\/wp-content\/uploads\/2020\/03\/LOGO_laBottega-posta-elttr-piccola.jpg","width":160,"height":115,"caption":"IL FRUTTETO DI SAN MARTINO S.S."},"image":{"@id":"https:\/\/www.cortecarezzabella.com\/fr\/#\/schema\/logo\/image\/"}}]}},"_links":{"self":[{"href":"https:\/\/www.cortecarezzabella.com\/fr\/wp-json\/wp\/v2\/pages\/534","targetHints":{"allow":["GET"]}}],"collection":[{"href":"https:\/\/www.cortecarezzabella.com\/fr\/wp-json\/wp\/v2\/pages"}],"about":[{"href":"https:\/\/www.cortecarezzabella.com\/fr\/wp-json\/wp\/v2\/types\/page"}],"author":[{"embeddable":true,"href":"https:\/\/www.cortecarezzabella.com\/fr\/wp-json\/wp\/v2\/users\/1"}],"replies":[{"embeddable":true,"href":"https:\/\/www.cortecarezzabella.com\/fr\/wp-json\/wp\/v2\/comments?post=534"}],"version-history":[{"count":5,"href":"https:\/\/www.cortecarezzabella.com\/fr\/wp-json\/wp\/v2\/pages\/534\/revisions"}],"predecessor-version":[{"id":3771,"href":"https:\/\/www.cortecarezzabella.com\/fr\/wp-json\/wp\/v2\/pages\/534\/revisions\/3771"}],"wp:attachment":[{"href":"https:\/\/www.cortecarezzabella.com\/fr\/wp-json\/wp\/v2\/media?parent=534"}],"curies":[{"name":"wp","href":"https:\/\/api.w.org\/{rel}","templated":true}]}}

<h1>&#8211; La cuisine &#8211;</h1>
<p id="tw-target-text" class="tw-data-text tw-ta tw-text-small" dir="ltr" data-placeholder="Traduzione"><span style="font-size: 20px;"><strong><span lang="fr" style="font-family: comic sans ms,sans-serif;">Nous sommes des agriculteurs, pas des chefs! </span></strong></span></p>
<p class="tw-data-text tw-ta tw-text-small" dir="ltr" data-placeholder="Traduzione"><span lang="fr"><span style="font-family: comic sans ms,sans-serif; font-size: 20px;">Nous aimons cuisiner nos <strong>produits biologiques frais</strong> et préparer des recettes et des plats traditionnels de la région pour nos hotes. </span></span></p>
<p class="tw-data-text tw-ta tw-text-small" dir="ltr" data-placeholder="Traduzione"><span lang="fr"><span style="font-family: comic sans ms,sans-serif; font-size: 20px;">Au <strong>petit-déjeuner</strong>, vous trouverez un riche buffet avec notre pain, nos tartes, nos confitures, fruits, jus de fruits et également de la charcuterie, du fromage, du yaourt et d&#8217;autres plats frais. N&#8217;hésitez pas à demander tous autres produits que vous pourriez aimer, comme les œufs. </span></span></p>
<p class="tw-data-text tw-ta tw-text-small" dir="ltr" data-placeholder="Traduzione"><span lang="fr"><span style="font-family: comic sans ms,sans-serif; font-size: 20px;"><strong>Le dîner</strong>, ne vous attendez pas à un menu «à la carte» que&nbsp;chaque restaurant peut offrir. Chez nous à Corte Carezzabella, vous dégusterez les légumes frais et les produits que nous recueillons tous les matins dans notre jardin et la viande, les fromages et autres ingrédients de base de haute qualité provenant des meilleures fermes locales. Profitez d&#8217;un repas traditionnel et de bon goût avec une bouteille du notre&nbsp;vin bio.</span></span></p>
<p dir="ltr" data-placeholder="Traduzione">&nbsp;</p>
ngg_shortcode_0_placeholder

<p>&#8211; La cuisine &#8211; Nous sommes des agriculteurs, pas des chefs! Nous aimons cuisiner nos produits biologiques frais et préparer des recettes et des plats traditionnels de la région pour nos hotes. Au petit-déjeuner, vous trouverez un riche buffet avec notre pain, nos tartes, nos confitures, fruits, jus de fruits et également de la charcuterie, [&hellip;]</p>

<!-- This site is optimized with the Yoast SEO plugin v27.5 - https://yoast.com/product/yoast-seo-wordpress/ -->
<title>La cuisine</title>
<meta name="robots" content="index, follow, max-snippet:-1, max-image-preview:large, max-video-preview:-1" />
<link rel="canonical" href="https://www.cortecarezzabella.com/fr/la-cuisine/" />
<meta property="og:locale" content="fr_FR" />
<meta property="og:type" content="article" />
<meta property="og:title" content="La cuisine" />
<meta property="og:description" content="&#8211; La cuisine &#8211; Nous sommes des agriculteurs, pas des chefs! Nous aimons cuisiner nos produits biologiques frais et préparer des recettes et des plats traditionnels de la région pour nos hotes. Au petit-déjeuner, vous trouverez un riche buffet avec notre pain, nos tartes, nos confitures, fruits, jus de fruits et également de la charcuterie, [&hellip;]" />
<meta property="og:url" content="https://www.cortecarezzabella.com/fr/la-cuisine/" />
<meta property="og:site_name" content="Corte Carezzabella" />
<meta property="article:modified_time" content="2018-01-09T13:29:54+00:00" />
<meta name="twitter:card" content="summary_large_image" />
<meta name="twitter:label1" content="Est. reading time" />
	<meta name="twitter:data1" content="1 minute" />
<script type="application/ld+json" class="yoast-schema-graph">{"@context":"https:\/\/schema.org","@graph":[{"@type":"WebPage","@id":"https:\/\/www.cortecarezzabella.com\/fr\/la-cuisine\/","url":"https:\/\/www.cortecarezzabella.com\/fr\/la-cuisine\/","name":"La cuisine","isPartOf":{"@id":"https:\/\/www.cortecarezzabella.com\/fr\/#website"},"datePublished":"2017-05-19T09:53:04+00:00","dateModified":"2018-01-09T13:29:54+00:00","breadcrumb":{"@id":"https:\/\/www.cortecarezzabella.com\/fr\/la-cuisine\/#breadcrumb"},"inLanguage":"fr-FR","potentialAction":[{"@type":"ReadAction","target":["https:\/\/www.cortecarezzabella.com\/fr\/la-cuisine\/"]}]},{"@type":"BreadcrumbList","@id":"https:\/\/www.cortecarezzabella.com\/fr\/la-cuisine\/#breadcrumb","itemListElement":[{"@type":"ListItem","position":1,"name":"Home","item":"https:\/\/www.cortecarezzabella.com\/fr\/"},{"@type":"ListItem","position":2,"name":"La cuisine"}]},{"@type":"WebSite","@id":"https:\/\/www.cortecarezzabella.com\/fr\/#website","url":"https:\/\/www.cortecarezzabella.com\/fr\/","name":"Corte Carezzabella","description":"Agriturismo Corte Carezzabella","publisher":{"@id":"https:\/\/www.cortecarezzabella.com\/fr\/#organization"},"potentialAction":[{"@type":"SearchAction","target":{"@type":"EntryPoint","urlTemplate":"https:\/\/www.cortecarezzabella.com\/fr\/?s={search_term_string}"},"query-input":{"@type":"PropertyValueSpecification","valueRequired":true,"valueName":"search_term_string"}}],"inLanguage":"fr-FR"},{"@type":"Organization","@id":"https:\/\/www.cortecarezzabella.com\/fr\/#organization","name":"IL FRUTTETO DI SAN MARTINO S.S.","url":"https:\/\/www.cortecarezzabella.com\/fr\/","logo":{"@type":"ImageObject","inLanguage":"fr-FR","@id":"https:\/\/www.cortecarezzabella.com\/fr\/#\/schema\/logo\/image\/","url":"https:\/\/www.cortecarezzabella.com\/wp-content\/uploads\/2020\/03\/LOGO_laBottega-posta-elttr-piccola.jpg","contentUrl":"https:\/\/www.cortecarezzabella.com\/wp-content\/uploads\/2020\/03\/LOGO_laBottega-posta-elttr-piccola.jpg","width":160,"height":115,"caption":"IL FRUTTETO DI SAN MARTINO S.S."},"image":{"@id":"https:\/\/www.cortecarezzabella.com\/fr\/#\/schema\/logo\/image\/"}}]}</script>
<!-- / Yoast SEO plugin. -->

&#8211; La cuisine &#8211; Nous sommes des agriculteurs, pas des chefs! Nous aimons cuisiner nos produits biologiques frais et préparer des recettes et des plats traditionnels de la région pour nos hotes. Au petit-déjeuner, vous trouverez un riche buffet avec notre pain, nos tartes, nos confitures, fruits, jus de fruits et également de la charcuterie, [&hellip;]
