{"id":10517,"date":"2021-03-23T10:53:42","date_gmt":"2021-03-23T09:53:42","guid":{"rendered":"https:\/\/www.cortecarezzabella.com\/biciclette-e-tandem\/"},"modified":"2021-03-25T15:52:37","modified_gmt":"2021-03-25T14:52:37","slug":"biciclette-e-tandem","status":"publish","type":"page","link":"https:\/\/www.cortecarezzabella.com\/fr\/biciclette-e-tandem\/","title":{"rendered":"V\u00e9los et tandem"},"content":{"rendered":"<h2 style=\"text-align: center;\">&#8211; Vacances \u00e0 v\u00e9los &#8211;&nbsp;<\/h2>\n<p>Corte Carezzabella est situ\u00e9 dans la campagne pr\u00e8s de la rivi\u00e8re <strong>Adige<\/strong>. Les berges de la rivi\u00e8re constituent une vrai piste cyclable.<\/p>\n<p>Si vous voulez d\u00e9couvrir le territorire, vous pouves le faire avec le v\u00e9lo!<\/p>\n<p>A&#8217; Corte Carezzabella vous pouvez louer un v\u00e9lo ou un tandem et explorer la campagne.<\/p>\n<p>Corte Carezzabella fait partie du<strong> Agricycle Veneto, <\/strong>un Club promu par Agriturist et Confagricoltura VENETO que regroupe tous les agritourismes de la r\u00e9gion qui cherchent \u00e0 offrir un service specifique pour les cyclistes.&nbsp;<\/p>\nngg_shortcode_0_placeholder\n","protected":false},"excerpt":{"rendered":"<p>&#8211; Vacances \u00e0 v\u00e9los &#8211;&nbsp; Corte Carezzabella est situ\u00e9 dans la campagne pr\u00e8s de la rivi\u00e8re Adige. Les berges de la rivi\u00e8re constituent une vrai piste cyclable. Si vous voulez d\u00e9couvrir le territorire, vous pouves le faire avec le v\u00e9lo! A&#8217; Corte Carezzabella vous pouvez louer un v\u00e9lo ou un tandem et explorer la campagne. [&hellip;]<\/p>\n","protected":false},"author":1,"featured_media":0,"parent":0,"menu_order":0,"comment_status":"closed","ping_status":"closed","template":"","meta":{"_acf_changed":false,"ngg_post_thumbnail":0,"footnotes":""},"class_list":["post-10517","page","type-page","status-publish","hentry"],"acf":[],"yoast_head":"<!-- This site is optimized with the Yoast SEO plugin v27.5 - https:\/\/yoast.com\/product\/yoast-seo-wordpress\/ -->\n<title>V\u00e9los et tandem<\/title>\n<meta name=\"robots\" content=\"index, follow, max-snippet:-1, max-image-preview:large, max-video-preview:-1\" \/>\n<link rel=\"canonical\" href=\"https:\/\/www.cortecarezzabella.com\/fr\/biciclette-e-tandem\/\" \/>\n<meta property=\"og:locale\" content=\"fr_FR\" \/>\n<meta property=\"og:type\" content=\"article\" \/>\n<meta property=\"og:title\" content=\"V\u00e9los et tandem\" \/>\n<meta property=\"og:description\" content=\"&#8211; Vacances \u00e0 v\u00e9los &#8211;&nbsp; Corte Carezzabella est situ\u00e9 dans la campagne pr\u00e8s de la rivi\u00e8re Adige. Les berges de la rivi\u00e8re constituent une vrai piste cyclable. Si vous voulez d\u00e9couvrir le territorire, vous pouves le faire avec le v\u00e9lo! A&#8217; Corte Carezzabella vous pouvez louer un v\u00e9lo ou un tandem et explorer la campagne. [&hellip;]\" \/>\n<meta property=\"og:url\" content=\"https:\/\/www.cortecarezzabella.com\/fr\/biciclette-e-tandem\/\" \/>\n<meta property=\"og:site_name\" content=\"Corte Carezzabella\" \/>\n<meta property=\"article:modified_time\" content=\"2021-03-25T14:52:37+00:00\" \/>\n<meta name=\"twitter:card\" content=\"summary_large_image\" \/>\n<meta name=\"twitter:label1\" content=\"Est. reading time\" \/>\n\t<meta name=\"twitter:data1\" content=\"1 minute\" \/>\n<script type=\"application\/ld+json\" class=\"yoast-schema-graph\">{\"@context\":\"https:\\\/\\\/schema.org\",\"@graph\":[{\"@type\":\"WebPage\",\"@id\":\"https:\\\/\\\/www.cortecarezzabella.com\\\/fr\\\/biciclette-e-tandem\\\/\",\"url\":\"https:\\\/\\\/www.cortecarezzabella.com\\\/fr\\\/biciclette-e-tandem\\\/\",\"name\":\"V\u00e9los et tandem\",\"isPartOf\":{\"@id\":\"https:\\\/\\\/www.cortecarezzabella.com\\\/fr\\\/#website\"},\"datePublished\":\"2021-03-23T09:53:42+00:00\",\"dateModified\":\"2021-03-25T14:52:37+00:00\",\"breadcrumb\":{\"@id\":\"https:\\\/\\\/www.cortecarezzabella.com\\\/fr\\\/biciclette-e-tandem\\\/#breadcrumb\"},\"inLanguage\":\"fr-FR\",\"potentialAction\":[{\"@type\":\"ReadAction\",\"target\":[\"https:\\\/\\\/www.cortecarezzabella.com\\\/fr\\\/biciclette-e-tandem\\\/\"]}]},{\"@type\":\"BreadcrumbList\",\"@id\":\"https:\\\/\\\/www.cortecarezzabella.com\\\/fr\\\/biciclette-e-tandem\\\/#breadcrumb\",\"itemListElement\":[{\"@type\":\"ListItem\",\"position\":1,\"name\":\"Home\",\"item\":\"https:\\\/\\\/www.cortecarezzabella.com\\\/fr\\\/\"},{\"@type\":\"ListItem\",\"position\":2,\"name\":\"V\u00e9los et tandem\"}]},{\"@type\":\"WebSite\",\"@id\":\"https:\\\/\\\/www.cortecarezzabella.com\\\/fr\\\/#website\",\"url\":\"https:\\\/\\\/www.cortecarezzabella.com\\\/fr\\\/\",\"name\":\"Corte Carezzabella\",\"description\":\"Agriturismo Corte Carezzabella\",\"publisher\":{\"@id\":\"https:\\\/\\\/www.cortecarezzabella.com\\\/fr\\\/#organization\"},\"potentialAction\":[{\"@type\":\"SearchAction\",\"target\":{\"@type\":\"EntryPoint\",\"urlTemplate\":\"https:\\\/\\\/www.cortecarezzabella.com\\\/fr\\\/?s={search_term_string}\"},\"query-input\":{\"@type\":\"PropertyValueSpecification\",\"valueRequired\":true,\"valueName\":\"search_term_string\"}}],\"inLanguage\":\"fr-FR\"},{\"@type\":\"Organization\",\"@id\":\"https:\\\/\\\/www.cortecarezzabella.com\\\/fr\\\/#organization\",\"name\":\"IL FRUTTETO DI SAN MARTINO S.S.\",\"url\":\"https:\\\/\\\/www.cortecarezzabella.com\\\/fr\\\/\",\"logo\":{\"@type\":\"ImageObject\",\"inLanguage\":\"fr-FR\",\"@id\":\"https:\\\/\\\/www.cortecarezzabella.com\\\/fr\\\/#\\\/schema\\\/logo\\\/image\\\/\",\"url\":\"https:\\\/\\\/www.cortecarezzabella.com\\\/wp-content\\\/uploads\\\/2020\\\/03\\\/LOGO_laBottega-posta-elttr-piccola.jpg\",\"contentUrl\":\"https:\\\/\\\/www.cortecarezzabella.com\\\/wp-content\\\/uploads\\\/2020\\\/03\\\/LOGO_laBottega-posta-elttr-piccola.jpg\",\"width\":160,\"height\":115,\"caption\":\"IL FRUTTETO DI SAN MARTINO S.S.\"},\"image\":{\"@id\":\"https:\\\/\\\/www.cortecarezzabella.com\\\/fr\\\/#\\\/schema\\\/logo\\\/image\\\/\"}}]}<\/script>\n<!-- \/ Yoast SEO plugin. -->","yoast_head_json":{"title":"V\u00e9los et tandem","robots":{"index":"index","follow":"follow","max-snippet":"max-snippet:-1","max-image-preview":"max-image-preview:large","max-video-preview":"max-video-preview:-1"},"canonical":"https:\/\/www.cortecarezzabella.com\/fr\/biciclette-e-tandem\/","og_locale":"fr_FR","og_type":"article","og_title":"V\u00e9los et tandem","og_description":"&#8211; Vacances \u00e0 v\u00e9los &#8211;&nbsp; Corte Carezzabella est situ\u00e9 dans la campagne pr\u00e8s de la rivi\u00e8re Adige. Les berges de la rivi\u00e8re constituent une vrai piste cyclable. Si vous voulez d\u00e9couvrir le territorire, vous pouves le faire avec le v\u00e9lo! A&#8217; Corte Carezzabella vous pouvez louer un v\u00e9lo ou un tandem et explorer la campagne. [&hellip;]","og_url":"https:\/\/www.cortecarezzabella.com\/fr\/biciclette-e-tandem\/","og_site_name":"Corte Carezzabella","article_modified_time":"2021-03-25T14:52:37+00:00","twitter_card":"summary_large_image","twitter_misc":{"Est. reading time":"1 minute"},"schema":{"@context":"https:\/\/schema.org","@graph":[{"@type":"WebPage","@id":"https:\/\/www.cortecarezzabella.com\/fr\/biciclette-e-tandem\/","url":"https:\/\/www.cortecarezzabella.com\/fr\/biciclette-e-tandem\/","name":"V\u00e9los et tandem","isPartOf":{"@id":"https:\/\/www.cortecarezzabella.com\/fr\/#website"},"datePublished":"2021-03-23T09:53:42+00:00","dateModified":"2021-03-25T14:52:37+00:00","breadcrumb":{"@id":"https:\/\/www.cortecarezzabella.com\/fr\/biciclette-e-tandem\/#breadcrumb"},"inLanguage":"fr-FR","potentialAction":[{"@type":"ReadAction","target":["https:\/\/www.cortecarezzabella.com\/fr\/biciclette-e-tandem\/"]}]},{"@type":"BreadcrumbList","@id":"https:\/\/www.cortecarezzabella.com\/fr\/biciclette-e-tandem\/#breadcrumb","itemListElement":[{"@type":"ListItem","position":1,"name":"Home","item":"https:\/\/www.cortecarezzabella.com\/fr\/"},{"@type":"ListItem","position":2,"name":"V\u00e9los et tandem"}]},{"@type":"WebSite","@id":"https:\/\/www.cortecarezzabella.com\/fr\/#website","url":"https:\/\/www.cortecarezzabella.com\/fr\/","name":"Corte Carezzabella","description":"Agriturismo Corte Carezzabella","publisher":{"@id":"https:\/\/www.cortecarezzabella.com\/fr\/#organization"},"potentialAction":[{"@type":"SearchAction","target":{"@type":"EntryPoint","urlTemplate":"https:\/\/www.cortecarezzabella.com\/fr\/?s={search_term_string}"},"query-input":{"@type":"PropertyValueSpecification","valueRequired":true,"valueName":"search_term_string"}}],"inLanguage":"fr-FR"},{"@type":"Organization","@id":"https:\/\/www.cortecarezzabella.com\/fr\/#organization","name":"IL FRUTTETO DI SAN MARTINO S.S.","url":"https:\/\/www.cortecarezzabella.com\/fr\/","logo":{"@type":"ImageObject","inLanguage":"fr-FR","@id":"https:\/\/www.cortecarezzabella.com\/fr\/#\/schema\/logo\/image\/","url":"https:\/\/www.cortecarezzabella.com\/wp-content\/uploads\/2020\/03\/LOGO_laBottega-posta-elttr-piccola.jpg","contentUrl":"https:\/\/www.cortecarezzabella.com\/wp-content\/uploads\/2020\/03\/LOGO_laBottega-posta-elttr-piccola.jpg","width":160,"height":115,"caption":"IL FRUTTETO DI SAN MARTINO S.S."},"image":{"@id":"https:\/\/www.cortecarezzabella.com\/fr\/#\/schema\/logo\/image\/"}}]}},"_links":{"self":[{"href":"https:\/\/www.cortecarezzabella.com\/fr\/wp-json\/wp\/v2\/pages\/10517","targetHints":{"allow":["GET"]}}],"collection":[{"href":"https:\/\/www.cortecarezzabella.com\/fr\/wp-json\/wp\/v2\/pages"}],"about":[{"href":"https:\/\/www.cortecarezzabella.com\/fr\/wp-json\/wp\/v2\/types\/page"}],"author":[{"embeddable":true,"href":"https:\/\/www.cortecarezzabella.com\/fr\/wp-json\/wp\/v2\/users\/1"}],"replies":[{"embeddable":true,"href":"https:\/\/www.cortecarezzabella.com\/fr\/wp-json\/wp\/v2\/comments?post=10517"}],"version-history":[{"count":1,"href":"https:\/\/www.cortecarezzabella.com\/fr\/wp-json\/wp\/v2\/pages\/10517\/revisions"}],"predecessor-version":[{"id":10539,"href":"https:\/\/www.cortecarezzabella.com\/fr\/wp-json\/wp\/v2\/pages\/10517\/revisions\/10539"}],"wp:attachment":[{"href":"https:\/\/www.cortecarezzabella.com\/fr\/wp-json\/wp\/v2\/media?parent=10517"}],"curies":[{"name":"wp","href":"https:\/\/api.w.org\/{rel}","templated":true}]}}

Vélos et tandem

<h2 style="text-align: center;">&#8211; Vacances à vélos &#8211;&nbsp;</h2>
<p>Corte Carezzabella est situé dans la campagne près de la rivière <strong>Adige</strong>. Les berges de la rivière constituent une vrai piste cyclable.</p>
<p>Si vous voulez découvrir le territorire, vous pouves le faire avec le vélo!</p>
<p>A&#8217; Corte Carezzabella vous pouvez louer un vélo ou un tandem et explorer la campagne.</p>
<p>Corte Carezzabella fait partie du<strong> Agricycle Veneto, </strong>un Club promu par Agriturist et Confagricoltura VENETO que regroupe tous les agritourismes de la région qui cherchent à offrir un service specifique pour les cyclistes.&nbsp;</p>
ngg_shortcode_0_placeholder

<p>&#8211; Vacances à vélos &#8211;&nbsp; Corte Carezzabella est situé dans la campagne près de la rivière Adige. Les berges de la rivière constituent une vrai piste cyclable. Si vous voulez découvrir le territorire, vous pouves le faire avec le vélo! A&#8217; Corte Carezzabella vous pouvez louer un vélo ou un tandem et explorer la campagne. [&hellip;]</p>

<!-- This site is optimized with the Yoast SEO plugin v27.5 - https://yoast.com/product/yoast-seo-wordpress/ -->
<title>Vélos et tandem</title>
<meta name="robots" content="index, follow, max-snippet:-1, max-image-preview:large, max-video-preview:-1" />
<link rel="canonical" href="https://www.cortecarezzabella.com/fr/biciclette-e-tandem/" />
<meta property="og:locale" content="fr_FR" />
<meta property="og:type" content="article" />
<meta property="og:title" content="Vélos et tandem" />
<meta property="og:description" content="&#8211; Vacances à vélos &#8211;&nbsp; Corte Carezzabella est situé dans la campagne près de la rivière Adige. Les berges de la rivière constituent une vrai piste cyclable. Si vous voulez découvrir le territorire, vous pouves le faire avec le vélo! A&#8217; Corte Carezzabella vous pouvez louer un vélo ou un tandem et explorer la campagne. [&hellip;]" />
<meta property="og:url" content="https://www.cortecarezzabella.com/fr/biciclette-e-tandem/" />
<meta property="og:site_name" content="Corte Carezzabella" />
<meta property="article:modified_time" content="2021-03-25T14:52:37+00:00" />
<meta name="twitter:card" content="summary_large_image" />
<meta name="twitter:label1" content="Est. reading time" />
	<meta name="twitter:data1" content="1 minute" />
<script type="application/ld+json" class="yoast-schema-graph">{"@context":"https:\/\/schema.org","@graph":[{"@type":"WebPage","@id":"https:\/\/www.cortecarezzabella.com\/fr\/biciclette-e-tandem\/","url":"https:\/\/www.cortecarezzabella.com\/fr\/biciclette-e-tandem\/","name":"Vélos et tandem","isPartOf":{"@id":"https:\/\/www.cortecarezzabella.com\/fr\/#website"},"datePublished":"2021-03-23T09:53:42+00:00","dateModified":"2021-03-25T14:52:37+00:00","breadcrumb":{"@id":"https:\/\/www.cortecarezzabella.com\/fr\/biciclette-e-tandem\/#breadcrumb"},"inLanguage":"fr-FR","potentialAction":[{"@type":"ReadAction","target":["https:\/\/www.cortecarezzabella.com\/fr\/biciclette-e-tandem\/"]}]},{"@type":"BreadcrumbList","@id":"https:\/\/www.cortecarezzabella.com\/fr\/biciclette-e-tandem\/#breadcrumb","itemListElement":[{"@type":"ListItem","position":1,"name":"Home","item":"https:\/\/www.cortecarezzabella.com\/fr\/"},{"@type":"ListItem","position":2,"name":"Vélos et tandem"}]},{"@type":"WebSite","@id":"https:\/\/www.cortecarezzabella.com\/fr\/#website","url":"https:\/\/www.cortecarezzabella.com\/fr\/","name":"Corte Carezzabella","description":"Agriturismo Corte Carezzabella","publisher":{"@id":"https:\/\/www.cortecarezzabella.com\/fr\/#organization"},"potentialAction":[{"@type":"SearchAction","target":{"@type":"EntryPoint","urlTemplate":"https:\/\/www.cortecarezzabella.com\/fr\/?s={search_term_string}"},"query-input":{"@type":"PropertyValueSpecification","valueRequired":true,"valueName":"search_term_string"}}],"inLanguage":"fr-FR"},{"@type":"Organization","@id":"https:\/\/www.cortecarezzabella.com\/fr\/#organization","name":"IL FRUTTETO DI SAN MARTINO S.S.","url":"https:\/\/www.cortecarezzabella.com\/fr\/","logo":{"@type":"ImageObject","inLanguage":"fr-FR","@id":"https:\/\/www.cortecarezzabella.com\/fr\/#\/schema\/logo\/image\/","url":"https:\/\/www.cortecarezzabella.com\/wp-content\/uploads\/2020\/03\/LOGO_laBottega-posta-elttr-piccola.jpg","contentUrl":"https:\/\/www.cortecarezzabella.com\/wp-content\/uploads\/2020\/03\/LOGO_laBottega-posta-elttr-piccola.jpg","width":160,"height":115,"caption":"IL FRUTTETO DI SAN MARTINO S.S."},"image":{"@id":"https:\/\/www.cortecarezzabella.com\/fr\/#\/schema\/logo\/image\/"}}]}</script>
<!-- / Yoast SEO plugin. -->

&#8211; Vacances à vélos &#8211;&nbsp; Corte Carezzabella est situé dans la campagne près de la rivière Adige. Les berges de la rivière constituent une vrai piste cyclable. Si vous voulez découvrir le territorire, vous pouves le faire avec le vélo! A&#8217; Corte Carezzabella vous pouvez louer un vélo ou un tandem et explorer la campagne. [&hellip;]
