{"id":473,"date":"2017-05-19T10:51:33","date_gmt":"2017-05-19T08:51:33","guid":{"rendered":"https:\/\/www.cortecarezzabella.com\/?page_id=473\/"},"modified":"2018-01-09T14:29:35","modified_gmt":"2018-01-09T13:29:35","slug":"die-kueche","status":"publish","type":"page","link":"https:\/\/www.cortecarezzabella.com\/de\/die-kueche\/","title":{"rendered":"Unsere K\u00fcche"},"content":{"rendered":"<h1>&#8211;&nbsp;Unsere K\u00fcche &#8211;<\/h1>\n<p id=\"tw-target-text\" class=\"tw-data-text tw-ta tw-text-small\" dir=\"ltr\" style=\"text-align: justify;\" data-placeholder=\"Traduzione\"><span style=\"font-size: 20px;\"><strong><span lang=\"de\" style=\"font-family: comic sans ms,sans-serif;\">Wir sind Bauern, keine Chefs! <\/span><\/strong><\/span><\/p>\n<p class=\"tw-data-text tw-ta tw-text-small\" dir=\"ltr\" style=\"text-align: justify;\" data-placeholder=\"Traduzione\"><span lang=\"de\" style=\"font-family: comic sans ms,sans-serif; font-size: 20px;\">Wir lieben sehr, unsere <strong>Bio-, frischen Produkte<\/strong> zu kochen und die traditionelle Rezepte und Speisen unseres Landes&nbsp;f\u00fcr unsere G\u00e4ste zu vorbereiten. <\/span><\/p>\n<p class=\"tw-data-text tw-ta tw-text-small\" dir=\"ltr\" style=\"text-align: justify;\" data-placeholder=\"Traduzione\"><span lang=\"de\" style=\"font-family: comic sans ms,sans-serif; font-size: 20px;\"><strong>Zum Fr\u00fchst\u00fcck<\/strong> finden Sie ein reichhaltiges Buffet mit unserem eigenen Brot, den&nbsp;Torten, unseren Marmeladen, Obst, S<span style=\"font-family: Comic Sans MS; font-size: x-large;\">\u00e4<\/span>ften und auch Salami, Schinken, K\u00e4se, Joghurt und andere frische Lebensmittel. Z\u00f6gern Sie nicht, nach andere Produkte zu fragen, die Sie gerne probieren m\u00f6chten, wie zum&nbsp;Beispiel&nbsp;Eier. <\/span><\/p>\n<p class=\"tw-data-text tw-ta tw-text-small\" dir=\"ltr\" style=\"text-align: justify;\" data-placeholder=\"Traduzione\"><span lang=\"de\" style=\"font-family: comic sans ms,sans-serif; font-size: 20px;\"><strong>Zum Abendessen<\/strong> erwarten Sie keine &#8220;\u00e0 la carte&#8221; Menu, die jedes Restaurant anbieten kann. Hier bei Corte Carezzabella&nbsp; werden Sie&nbsp;unsere frische Gem\u00fcse und die Produkte, die wir jeden Morgen in unserem Garten abholen, und&nbsp;das hochwertige Fleisch, den K\u00e4se und anderen Grundzutaten aus den besten Bauernh\u00f6fen in der N<span style=\"font-family: Comic Sans MS; font-size: x-large;\">\u00e4<\/span>he von uns. Genie\u00dfen Sie ein traditionelles, geschmackvolles Abendessen mit einer Flasche unseres Bio-Weines!<\/span><\/p>\n<p dir=\"ltr\" data-placeholder=\"Traduzione\">&nbsp;<\/p>\nngg_shortcode_0_placeholder\n","protected":false},"excerpt":{"rendered":"<p>&#8211;&nbsp;Unsere K\u00fcche &#8211; Wir sind Bauern, keine Chefs! Wir lieben sehr, unsere Bio-, frischen Produkte zu kochen und die traditionelle Rezepte und Speisen unseres Landes&nbsp;f\u00fcr unsere G\u00e4ste zu vorbereiten. Zum Fr\u00fchst\u00fcck finden Sie ein reichhaltiges Buffet mit unserem eigenen Brot, den&nbsp;Torten, unseren Marmeladen, Obst, S\u00e4ften und auch Salami, Schinken, K\u00e4se, Joghurt und andere frische Lebensmittel. [&hellip;]<\/p>\n","protected":false},"author":1,"featured_media":0,"parent":0,"menu_order":0,"comment_status":"closed","ping_status":"closed","template":"","meta":{"_acf_changed":false,"ngg_post_thumbnail":0,"footnotes":""},"class_list":["post-473","page","type-page","status-publish","hentry"],"acf":[],"yoast_head":"<!-- This site is optimized with the Yoast SEO plugin v27.5 - https:\/\/yoast.com\/product\/yoast-seo-wordpress\/ -->\n<title>Unsere K\u00fcche<\/title>\n<meta name=\"robots\" content=\"index, follow, max-snippet:-1, max-image-preview:large, max-video-preview:-1\" \/>\n<link rel=\"canonical\" href=\"https:\/\/www.cortecarezzabella.com\/de\/die-kueche\/\" \/>\n<meta property=\"og:locale\" content=\"de_DE\" \/>\n<meta property=\"og:type\" content=\"article\" \/>\n<meta property=\"og:title\" content=\"Unsere K\u00fcche\" \/>\n<meta property=\"og:description\" content=\"&#8211;&nbsp;Unsere K\u00fcche &#8211; Wir sind Bauern, keine Chefs! Wir lieben sehr, unsere Bio-, frischen Produkte zu kochen und die traditionelle Rezepte und Speisen unseres Landes&nbsp;f\u00fcr unsere G\u00e4ste zu vorbereiten. Zum Fr\u00fchst\u00fcck finden Sie ein reichhaltiges Buffet mit unserem eigenen Brot, den&nbsp;Torten, unseren Marmeladen, Obst, S\u00e4ften und auch Salami, Schinken, K\u00e4se, Joghurt und andere frische Lebensmittel. [&hellip;]\" \/>\n<meta property=\"og:url\" content=\"https:\/\/www.cortecarezzabella.com\/de\/die-kueche\/\" \/>\n<meta property=\"og:site_name\" content=\"Corte Carezzabella\" \/>\n<meta property=\"article:modified_time\" content=\"2018-01-09T13:29:35+00:00\" \/>\n<meta name=\"twitter:card\" content=\"summary_large_image\" \/>\n<meta name=\"twitter:label1\" content=\"Est. reading time\" \/>\n\t<meta name=\"twitter:data1\" content=\"1 minute\" \/>\n<script type=\"application\/ld+json\" class=\"yoast-schema-graph\">{\"@context\":\"https:\\\/\\\/schema.org\",\"@graph\":[{\"@type\":\"WebPage\",\"@id\":\"https:\\\/\\\/www.cortecarezzabella.com\\\/de\\\/die-kueche\\\/\",\"url\":\"https:\\\/\\\/www.cortecarezzabella.com\\\/de\\\/die-kueche\\\/\",\"name\":\"Unsere K\u00fcche\",\"isPartOf\":{\"@id\":\"https:\\\/\\\/www.cortecarezzabella.com\\\/de\\\/#website\"},\"datePublished\":\"2017-05-19T08:51:33+00:00\",\"dateModified\":\"2018-01-09T13:29:35+00:00\",\"breadcrumb\":{\"@id\":\"https:\\\/\\\/www.cortecarezzabella.com\\\/de\\\/die-kueche\\\/#breadcrumb\"},\"inLanguage\":\"de-DE\",\"potentialAction\":[{\"@type\":\"ReadAction\",\"target\":[\"https:\\\/\\\/www.cortecarezzabella.com\\\/de\\\/die-kueche\\\/\"]}]},{\"@type\":\"BreadcrumbList\",\"@id\":\"https:\\\/\\\/www.cortecarezzabella.com\\\/de\\\/die-kueche\\\/#breadcrumb\",\"itemListElement\":[{\"@type\":\"ListItem\",\"position\":1,\"name\":\"Home\",\"item\":\"https:\\\/\\\/www.cortecarezzabella.com\\\/de\\\/\"},{\"@type\":\"ListItem\",\"position\":2,\"name\":\"Unsere K\u00fcche\"}]},{\"@type\":\"WebSite\",\"@id\":\"https:\\\/\\\/www.cortecarezzabella.com\\\/de\\\/#website\",\"url\":\"https:\\\/\\\/www.cortecarezzabella.com\\\/de\\\/\",\"name\":\"Corte Carezzabella\",\"description\":\"Agriturismo Corte Carezzabella\",\"publisher\":{\"@id\":\"https:\\\/\\\/www.cortecarezzabella.com\\\/de\\\/#organization\"},\"potentialAction\":[{\"@type\":\"SearchAction\",\"target\":{\"@type\":\"EntryPoint\",\"urlTemplate\":\"https:\\\/\\\/www.cortecarezzabella.com\\\/de\\\/?s={search_term_string}\"},\"query-input\":{\"@type\":\"PropertyValueSpecification\",\"valueRequired\":true,\"valueName\":\"search_term_string\"}}],\"inLanguage\":\"de-DE\"},{\"@type\":\"Organization\",\"@id\":\"https:\\\/\\\/www.cortecarezzabella.com\\\/de\\\/#organization\",\"name\":\"IL FRUTTETO DI SAN MARTINO S.S.\",\"url\":\"https:\\\/\\\/www.cortecarezzabella.com\\\/de\\\/\",\"logo\":{\"@type\":\"ImageObject\",\"inLanguage\":\"de-DE\",\"@id\":\"https:\\\/\\\/www.cortecarezzabella.com\\\/de\\\/#\\\/schema\\\/logo\\\/image\\\/\",\"url\":\"https:\\\/\\\/www.cortecarezzabella.com\\\/wp-content\\\/uploads\\\/2020\\\/03\\\/LOGO_laBottega-posta-elttr-piccola.jpg\",\"contentUrl\":\"https:\\\/\\\/www.cortecarezzabella.com\\\/wp-content\\\/uploads\\\/2020\\\/03\\\/LOGO_laBottega-posta-elttr-piccola.jpg\",\"width\":160,\"height\":115,\"caption\":\"IL FRUTTETO DI SAN MARTINO S.S.\"},\"image\":{\"@id\":\"https:\\\/\\\/www.cortecarezzabella.com\\\/de\\\/#\\\/schema\\\/logo\\\/image\\\/\"}}]}<\/script>\n<!-- \/ Yoast SEO plugin. -->","yoast_head_json":{"title":"Unsere K\u00fcche","robots":{"index":"index","follow":"follow","max-snippet":"max-snippet:-1","max-image-preview":"max-image-preview:large","max-video-preview":"max-video-preview:-1"},"canonical":"https:\/\/www.cortecarezzabella.com\/de\/die-kueche\/","og_locale":"de_DE","og_type":"article","og_title":"Unsere K\u00fcche","og_description":"&#8211;&nbsp;Unsere K\u00fcche &#8211; Wir sind Bauern, keine Chefs! Wir lieben sehr, unsere Bio-, frischen Produkte zu kochen und die traditionelle Rezepte und Speisen unseres Landes&nbsp;f\u00fcr unsere G\u00e4ste zu vorbereiten. Zum Fr\u00fchst\u00fcck finden Sie ein reichhaltiges Buffet mit unserem eigenen Brot, den&nbsp;Torten, unseren Marmeladen, Obst, S\u00e4ften und auch Salami, Schinken, K\u00e4se, Joghurt und andere frische Lebensmittel. [&hellip;]","og_url":"https:\/\/www.cortecarezzabella.com\/de\/die-kueche\/","og_site_name":"Corte Carezzabella","article_modified_time":"2018-01-09T13:29:35+00:00","twitter_card":"summary_large_image","twitter_misc":{"Est. reading time":"1 minute"},"schema":{"@context":"https:\/\/schema.org","@graph":[{"@type":"WebPage","@id":"https:\/\/www.cortecarezzabella.com\/de\/die-kueche\/","url":"https:\/\/www.cortecarezzabella.com\/de\/die-kueche\/","name":"Unsere K\u00fcche","isPartOf":{"@id":"https:\/\/www.cortecarezzabella.com\/de\/#website"},"datePublished":"2017-05-19T08:51:33+00:00","dateModified":"2018-01-09T13:29:35+00:00","breadcrumb":{"@id":"https:\/\/www.cortecarezzabella.com\/de\/die-kueche\/#breadcrumb"},"inLanguage":"de-DE","potentialAction":[{"@type":"ReadAction","target":["https:\/\/www.cortecarezzabella.com\/de\/die-kueche\/"]}]},{"@type":"BreadcrumbList","@id":"https:\/\/www.cortecarezzabella.com\/de\/die-kueche\/#breadcrumb","itemListElement":[{"@type":"ListItem","position":1,"name":"Home","item":"https:\/\/www.cortecarezzabella.com\/de\/"},{"@type":"ListItem","position":2,"name":"Unsere K\u00fcche"}]},{"@type":"WebSite","@id":"https:\/\/www.cortecarezzabella.com\/de\/#website","url":"https:\/\/www.cortecarezzabella.com\/de\/","name":"Corte Carezzabella","description":"Agriturismo Corte Carezzabella","publisher":{"@id":"https:\/\/www.cortecarezzabella.com\/de\/#organization"},"potentialAction":[{"@type":"SearchAction","target":{"@type":"EntryPoint","urlTemplate":"https:\/\/www.cortecarezzabella.com\/de\/?s={search_term_string}"},"query-input":{"@type":"PropertyValueSpecification","valueRequired":true,"valueName":"search_term_string"}}],"inLanguage":"de-DE"},{"@type":"Organization","@id":"https:\/\/www.cortecarezzabella.com\/de\/#organization","name":"IL FRUTTETO DI SAN MARTINO S.S.","url":"https:\/\/www.cortecarezzabella.com\/de\/","logo":{"@type":"ImageObject","inLanguage":"de-DE","@id":"https:\/\/www.cortecarezzabella.com\/de\/#\/schema\/logo\/image\/","url":"https:\/\/www.cortecarezzabella.com\/wp-content\/uploads\/2020\/03\/LOGO_laBottega-posta-elttr-piccola.jpg","contentUrl":"https:\/\/www.cortecarezzabella.com\/wp-content\/uploads\/2020\/03\/LOGO_laBottega-posta-elttr-piccola.jpg","width":160,"height":115,"caption":"IL FRUTTETO DI SAN MARTINO S.S."},"image":{"@id":"https:\/\/www.cortecarezzabella.com\/de\/#\/schema\/logo\/image\/"}}]}},"_links":{"self":[{"href":"https:\/\/www.cortecarezzabella.com\/de\/wp-json\/wp\/v2\/pages\/473","targetHints":{"allow":["GET"]}}],"collection":[{"href":"https:\/\/www.cortecarezzabella.com\/de\/wp-json\/wp\/v2\/pages"}],"about":[{"href":"https:\/\/www.cortecarezzabella.com\/de\/wp-json\/wp\/v2\/types\/page"}],"author":[{"embeddable":true,"href":"https:\/\/www.cortecarezzabella.com\/de\/wp-json\/wp\/v2\/users\/1"}],"replies":[{"embeddable":true,"href":"https:\/\/www.cortecarezzabella.com\/de\/wp-json\/wp\/v2\/comments?post=473"}],"version-history":[{"count":7,"href":"https:\/\/www.cortecarezzabella.com\/de\/wp-json\/wp\/v2\/pages\/473\/revisions"}],"predecessor-version":[{"id":3770,"href":"https:\/\/www.cortecarezzabella.com\/de\/wp-json\/wp\/v2\/pages\/473\/revisions\/3770"}],"wp:attachment":[{"href":"https:\/\/www.cortecarezzabella.com\/de\/wp-json\/wp\/v2\/media?parent=473"}],"curies":[{"name":"wp","href":"https:\/\/api.w.org\/{rel}","templated":true}]}}

Unsere Küche

<h1>&#8211;&nbsp;Unsere Küche &#8211;</h1>
<p id="tw-target-text" class="tw-data-text tw-ta tw-text-small" dir="ltr" style="text-align: justify;" data-placeholder="Traduzione"><span style="font-size: 20px;"><strong><span lang="de" style="font-family: comic sans ms,sans-serif;">Wir sind Bauern, keine Chefs! </span></strong></span></p>
<p class="tw-data-text tw-ta tw-text-small" dir="ltr" style="text-align: justify;" data-placeholder="Traduzione"><span lang="de" style="font-family: comic sans ms,sans-serif; font-size: 20px;">Wir lieben sehr, unsere <strong>Bio-, frischen Produkte</strong> zu kochen und die traditionelle Rezepte und Speisen unseres Landes&nbsp;für unsere Gäste zu vorbereiten. </span></p>
<p class="tw-data-text tw-ta tw-text-small" dir="ltr" style="text-align: justify;" data-placeholder="Traduzione"><span lang="de" style="font-family: comic sans ms,sans-serif; font-size: 20px;"><strong>Zum Frühstück</strong> finden Sie ein reichhaltiges Buffet mit unserem eigenen Brot, den&nbsp;Torten, unseren Marmeladen, Obst, S<span style="font-family: Comic Sans MS; font-size: x-large;">ä</span>ften und auch Salami, Schinken, Käse, Joghurt und andere frische Lebensmittel. Zögern Sie nicht, nach andere Produkte zu fragen, die Sie gerne probieren möchten, wie zum&nbsp;Beispiel&nbsp;Eier. </span></p>
<p class="tw-data-text tw-ta tw-text-small" dir="ltr" style="text-align: justify;" data-placeholder="Traduzione"><span lang="de" style="font-family: comic sans ms,sans-serif; font-size: 20px;"><strong>Zum Abendessen</strong> erwarten Sie keine &#8220;à la carte&#8221; Menu, die jedes Restaurant anbieten kann. Hier bei Corte Carezzabella&nbsp; werden Sie&nbsp;unsere frische Gemüse und die Produkte, die wir jeden Morgen in unserem Garten abholen, und&nbsp;das hochwertige Fleisch, den Käse und anderen Grundzutaten aus den besten Bauernhöfen in der N<span style="font-family: Comic Sans MS; font-size: x-large;">ä</span>he von uns. Genießen Sie ein traditionelles, geschmackvolles Abendessen mit einer Flasche unseres Bio-Weines!</span></p>
<p dir="ltr" data-placeholder="Traduzione">&nbsp;</p>
ngg_shortcode_0_placeholder

<p>&#8211;&nbsp;Unsere Küche &#8211; Wir sind Bauern, keine Chefs! Wir lieben sehr, unsere Bio-, frischen Produkte zu kochen und die traditionelle Rezepte und Speisen unseres Landes&nbsp;für unsere Gäste zu vorbereiten. Zum Frühstück finden Sie ein reichhaltiges Buffet mit unserem eigenen Brot, den&nbsp;Torten, unseren Marmeladen, Obst, Säften und auch Salami, Schinken, Käse, Joghurt und andere frische Lebensmittel. [&hellip;]</p>

<!-- This site is optimized with the Yoast SEO plugin v27.5 - https://yoast.com/product/yoast-seo-wordpress/ -->
<title>Unsere Küche</title>
<meta name="robots" content="index, follow, max-snippet:-1, max-image-preview:large, max-video-preview:-1" />
<link rel="canonical" href="https://www.cortecarezzabella.com/de/die-kueche/" />
<meta property="og:locale" content="de_DE" />
<meta property="og:type" content="article" />
<meta property="og:title" content="Unsere Küche" />
<meta property="og:description" content="&#8211;&nbsp;Unsere Küche &#8211; Wir sind Bauern, keine Chefs! Wir lieben sehr, unsere Bio-, frischen Produkte zu kochen und die traditionelle Rezepte und Speisen unseres Landes&nbsp;für unsere Gäste zu vorbereiten. Zum Frühstück finden Sie ein reichhaltiges Buffet mit unserem eigenen Brot, den&nbsp;Torten, unseren Marmeladen, Obst, Säften und auch Salami, Schinken, Käse, Joghurt und andere frische Lebensmittel. [&hellip;]" />
<meta property="og:url" content="https://www.cortecarezzabella.com/de/die-kueche/" />
<meta property="og:site_name" content="Corte Carezzabella" />
<meta property="article:modified_time" content="2018-01-09T13:29:35+00:00" />
<meta name="twitter:card" content="summary_large_image" />
<meta name="twitter:label1" content="Est. reading time" />
	<meta name="twitter:data1" content="1 minute" />
<script type="application/ld+json" class="yoast-schema-graph">{"@context":"https:\/\/schema.org","@graph":[{"@type":"WebPage","@id":"https:\/\/www.cortecarezzabella.com\/de\/die-kueche\/","url":"https:\/\/www.cortecarezzabella.com\/de\/die-kueche\/","name":"Unsere Küche","isPartOf":{"@id":"https:\/\/www.cortecarezzabella.com\/de\/#website"},"datePublished":"2017-05-19T08:51:33+00:00","dateModified":"2018-01-09T13:29:35+00:00","breadcrumb":{"@id":"https:\/\/www.cortecarezzabella.com\/de\/die-kueche\/#breadcrumb"},"inLanguage":"de-DE","potentialAction":[{"@type":"ReadAction","target":["https:\/\/www.cortecarezzabella.com\/de\/die-kueche\/"]}]},{"@type":"BreadcrumbList","@id":"https:\/\/www.cortecarezzabella.com\/de\/die-kueche\/#breadcrumb","itemListElement":[{"@type":"ListItem","position":1,"name":"Home","item":"https:\/\/www.cortecarezzabella.com\/de\/"},{"@type":"ListItem","position":2,"name":"Unsere Küche"}]},{"@type":"WebSite","@id":"https:\/\/www.cortecarezzabella.com\/de\/#website","url":"https:\/\/www.cortecarezzabella.com\/de\/","name":"Corte Carezzabella","description":"Agriturismo Corte Carezzabella","publisher":{"@id":"https:\/\/www.cortecarezzabella.com\/de\/#organization"},"potentialAction":[{"@type":"SearchAction","target":{"@type":"EntryPoint","urlTemplate":"https:\/\/www.cortecarezzabella.com\/de\/?s={search_term_string}"},"query-input":{"@type":"PropertyValueSpecification","valueRequired":true,"valueName":"search_term_string"}}],"inLanguage":"de-DE"},{"@type":"Organization","@id":"https:\/\/www.cortecarezzabella.com\/de\/#organization","name":"IL FRUTTETO DI SAN MARTINO S.S.","url":"https:\/\/www.cortecarezzabella.com\/de\/","logo":{"@type":"ImageObject","inLanguage":"de-DE","@id":"https:\/\/www.cortecarezzabella.com\/de\/#\/schema\/logo\/image\/","url":"https:\/\/www.cortecarezzabella.com\/wp-content\/uploads\/2020\/03\/LOGO_laBottega-posta-elttr-piccola.jpg","contentUrl":"https:\/\/www.cortecarezzabella.com\/wp-content\/uploads\/2020\/03\/LOGO_laBottega-posta-elttr-piccola.jpg","width":160,"height":115,"caption":"IL FRUTTETO DI SAN MARTINO S.S."},"image":{"@id":"https:\/\/www.cortecarezzabella.com\/de\/#\/schema\/logo\/image\/"}}]}</script>
<!-- / Yoast SEO plugin. -->

&#8211;&nbsp;Unsere Küche &#8211; Wir sind Bauern, keine Chefs! Wir lieben sehr, unsere Bio-, frischen Produkte zu kochen und die traditionelle Rezepte und Speisen unseres Landes&nbsp;für unsere Gäste zu vorbereiten. Zum Frühstück finden Sie ein reichhaltiges Buffet mit unserem eigenen Brot, den&nbsp;Torten, unseren Marmeladen, Obst, Säften und auch Salami, Schinken, Käse, Joghurt und andere frische Lebensmittel. [&hellip;]
